0100001
-9b6a0 (base 16) to base 2
-10011011011010100000
Convert -210200200111 (base 3) to base 7.
-3425536
What is 8bb299 (base 13) in base 11?
1960235
-2021100001 (base 3) to base 16
-aea9
What is -44132535 (base 6) in base 5?
-314144132
Convert 4243131241 (base 5) to base 12.
3000269
What is -40536 (base 11) in base 2?
-1110011101001000
7252192 (base 10) to base 8
33524340
Convert 54553332 (base 6) to base 7.
16606205
Convert 37b6a3 (base 13) to base 12.
546b54
Convert -894fcf (base 16) to base 12.
-301b813
-a04d1 (base 14) to base 8
-1360147
What is 10121022022021 (base 3) in base 12?
78448a
What is 10002212021 (base 3) in base 8?
167317
Convert -124550662 (base 7) to base 9.
-16010841
What is 2f97d0 (base 16) in base 2?
1011111001011111010000
Convert 32494 (base 16) to base 15.
41067
3144113002 (base 5) to base 6
354030223
What is 2154126 (base 8) in base 16?
8d856
-1b01aa (base 12) to base 14
-c5c9c
Convert -200231 (base 6) to base 13.
-7174
2022342 (base 11) to base 8
15507263
1358421 (base 9) to base 7
6232333
-2b4b3a (base 13) to base 10
-1067453
What is 61035435 (base 7) in base 10?
5068047
2610742 (base 12) to base 4
130203310202
6665537 (base 8) to base 7
21162643
Convert -125082 (base 9) to base 13.
-28709
Convert 29756 (base 11) to base 4.
22102321
Convert -e4484 (base 16) to base 6.
-32012524
-3577788 (base 9) to base 16
-1d9efd
102200112 (base 4) to base 9
124870
What is 14a53 (base 16) in base 8?
245123
Convert 491126 (base 11) to base 13.
212b41
-4a80a (base 13) to base 4
-201211220
What is 170466 (base 9) in base 10?
105360
Convert 1a1e0 (base 16) to base 14.
2adb2
19e96 (base 16) to base 11
72816
-20000020 (base 5) to base 8
-461144
What is 6320654 (base 7) in base 10?
761450
What is 69946 (base 11) in base 14?
28b1a
Convert -33511 (base 10) to base 7.
-166462
Convert -6b79aa (base 12) to base 3.
-10021010102211
Convert 37b4 (base 15) to base 4.
2321131
What is -82c15 (base 13) in base 9?
-387231
What is 1bd51 (base 16) in base 8?
336521
-125143405 (base 6) to base 7
-30064226
Convert b1d3 (base 16) to base 10.
45523
140824 (base 9) to base 6
1501551
c5127 (base 14) to base 5
110144233
-3264631 (base 7) to base 4
-1202103133
What is 3600056 (base 9) in base 10?
1948668
What is 807b7 (base 12) in base 8?
506173
What is -1155021 (base 6) in base 7?
-345526
Convert 11011001000010101 (base 2) to base 4.
123020111
Convert 18c47 (base 13) to base 4.
23301200
What is 361265 (base 11) in base 4?
2023303203
What is -3007844 (base 11) in base 4?
-110110003120
Convert -11253014 (base 6) to base 15.
-6d757
What is 1b8674 (base 16) in base 8?
6703164
Convert 50172c (base 13) to base 12.
7583a3
What is -230833 (base 15) in base 8?
-6302431
What is 133c44 (base 14) in base 7?
5433014
What is -3685c (base 15) in base 10?
-174012
-302033003 (base 4) to base 8
-621703
Convert 1001220110010 (base 3) to base 10.
568947
What is -263cd (base 14) in base 5?
-11002230
Convert 24016215 (base 8) to base 16.
501c8d
121343221 (base 5) to base 12
23878b
Convert -439319 (base 12) to base 13.
-2b7841
What is -254a4c (base 13) in base 3?
-1200111222201
44fda8 (base 16) to base 3
22111201011200
What is -362215 (base 9) in base 2?
-110101010000100011
What is -4344223 (base 5) in base 6?
-1334534
What is 2143404201 (base 5) in base 3?
22210020002002
What is -124574 (base 11) in base 10?
-196343
Convert 5b1427 (base 16) to base 12.
1bba2b3
Convert -229e7b (base 16) to base 13.
-6158a9
Convert -247171 (base 11) to base 10.
-390182
Convert -e462 (base 16) to base 15.
-124cb
-45121023 (base 6) to base 13
-3898a1
Convert 112320131 (base 4) to base 9.
152508
Convert -5ca3 (base 15) to base 3.
-1000001200
-1300013211 (base 4) to base 7
-3621612
-44761 (base 9) to base 4
-13101112
Convert -4902ba (base 13) to base 5.
-421231322
What is 1131b (base 15) in base 5?
3222301
-1206264 (base 8) to base 13
-b7824
What is 269a4 (base 14) in base 9?
154532
What is 12c65 (base 13) in base 10?
35066
-442003420 (base 5) to base 16
-1d182f
-22314a9 (base 11) to base 4
-32322312221
What is -28803b9 (base 12) in base 4?
-133000220331
-43b49 (base 12) to base 11
-61499
-12120210302 (base 4) to base 10
-1673522
What is -112210020022 (base 3) in base 7?
-2321342
278b1 (base 14) to base 16
17de3
Convert d940 (base 16) to base 11.
38870
63503 (base 14) to base 15
4b05b
34424113 (base 5) to base 14
81578
Convert -1615275 (base 9) to base 4.
-3122302223
Convert 31735b (base 13) to base 2.
100011010110100000010
What is 94387 (base 11) in base 4?
201211033
Convert -563411 (base 9) to base 15.
-69d57
Convert 932ba (base 15) to base 3.
212200202011
What is 1e384 (base 16) in base 5?
12430110
What is -21112312 (base 5) in base 10?
-175957
21033220101 (base 4) to base 7
26412024
What is 3a3d64 (base 15) in base 8?
12527717
-31713 (base 14) to base 2
-11101001001010101
What is -1137424 (base 8) in base 6?
-10400032
Convert -89410 (base 10) to base 2.
-10101110101000010
-3071115 (base 8) to base 9
-1472825
What is 122304 (base 12) in base 8?
1076464
What is -10211100431 (base 5) in base 2?
-101000100110100110011010
1a21bb (base 13) to base 16
a1874
-310161 (base 10) to base 9
-522413
-d73c8d (base 15) to base 12
-3519574
Convert -340403414 (base 5) to base 4.
-11231210033
What is -621112 (base 8) in base 5?
-23033021
11415 (base 11) to base 8
40130
What is -192f85 (base 16) in base 8?
-6227605
555024515 (base 6) to base 3
200212211000002
What is -100000101101110000010100 (base 2) in base 8?
-40556024
-1723a0 (base 12) to base 14
-a5080
What is -101022021120 (base 3) in base 12?
-99496
What is -4b1416 (base 12) in base 8?
-4532022
Convert -55994 (base 13) to base 7.
-1215104
What is 114649 (base 11) in base 12?
89257
Convert 106530563 (base 7) to base 10.
6562223
What is 7152132 (base 9) in base 12?
133aa85
Convert -12112120011020 (base 3) to base 15.
-3d2396
What is 919142 (base 10) in base 16?
e0666
Convert 35a836 (base 11) to base 6.
20122003
What is 55213 (base 8) in base 9?
34714
46a836 (base 11) to base 6
23555223
What is -1452035 (base 6) in base 11?
-586a6
3eec2a (base 15) to base 6
145031321
-424310022 (base 5) to base 9
-3330131
What is -23121441 (base 6) in base 8?
-2553701
What is 230333 (base 7) in base 5?
2302423
What is 85576 (base 13) in base 6?
5053011
-352544 (base 7) to base 16
-f79d
What is 12bc9a (base 14) in base 7?
5334153
What is -111112010101 (base 3) in base 14?
-6d008
-4bd8e6 (base 16) to base 3
-100100112112222
What is -230046 (base 8) in base 2?
-10011000000100110
What is -791363 (base 10) in base 8?
-3011503
What is -546317 (base 9) in base 2?
-1001111100111101010
What is 13201052 (base 6) in base 3?
211010200012
-7b332a (base 14) to base 13
-b3bc7a
1ebb9 (base 15) to base 13
369a8
What is 211102032 (base 5) in base 8?
3263470
Convert -110010111010010000 (base 2) to base 14.
-55dcc
Convert 1439085 (base 10) to base 9.
2633043
-12196b (base 12) to base 16
-47a23
Convert 1023734 (base 8) to base 10.
272348
61232646 (base 8) to base 15
120466b
What is 4322d (base 16) in base 7?
2223501
What is -130100221 (base 5) in base 7?
-5224306
Convert -541582 (base 10) to base 7.
-4413646
2adbc (base 16) to base 10
175548
What is 286697 (base 11) in base 4?
1231120300
-5481a0 (base 11) to base 8
-3254312
-350305 (base 6) to base 15
-8ceb
Convert 135a130 (base 12) to base 8.
16546464
What is -3a63d (base 15) in base 7?
-1406200
Convert -63a6 (base 14) to base 5.
-1022243
What is 1255135042 (base 6) in base 13?
3181166
Convert 112032313032 (base 4) to base 10.
5828046
What is -2314143131 (base 5) in base 7?
-62260425
What is 2541655 (base 8) in base 4?
2230032231
Convert 2adba (base 15) to base 13.
4ab21
-31432521 (base 6) to base 9
-1654764
What is 1112241444 (base 5) in base 6?
124434420
Convert 12662502 (base 7) to base 3.
2012200211100
-100101000001111110 (base 2) to base 11
-a3a5a
-20004201 (base 6) to base 14
-10853b
b52861 (base 12) to base 16
2b6b49
2291a79 (base 13) to base 6
1020231024
Convert -2510530 (base 6) to base 7.
-1064520
-24159 (base 10) to base 8
-57137
What is 303040411 (base 6) in base 4?
103301222113
102527 (base 9) to base 2
1110111000001001
Convert -600186 (base 12) to base 2.
-101101100100011110110
5562657 (base 8) to base 14
2b0c11
Convert -3586631 (b